{"id":85473,"date":"2024-01-26T11:25:21","date_gmt":"2024-01-26T10:25:22","guid":{"rendered":"https:\/\/brieger.ch\/?post_type=product&#038;p=85473"},"modified":"2025-06-16T16:48:33","modified_gmt":"2025-06-16T14:48:33","slug":"31120","status":"publish","type":"product","link":"https:\/\/brieger.ch\/fr\/product\/31120\/","title":{"rendered":"Emballages cadeaux avec fen\u00eatre|Emballages cadeaux cannelure ouverte brun"},"content":{"rendered":"<p>Emballage portatif avec fen\u00eatre pour 2 pots de \u00d8 80 mm et hauteur 90 mm.\u00a0Cannelure apparente, brun.<\/p>\n","protected":false},"excerpt":{"rendered":"<p>Emballage portatif avec fen\u00eatre pour 2 pots de \u00d8 80 mm et hauteur 90 mm.\u00a0Cannelure apparente, brun.<\/p>\n","protected":false},"featured_media":85476,"comment_status":"closed","ping_status":"closed","template":"","meta":{"_searchwp_excluded":""},"product_brand":[],"product_cat":[781],"product_tag":[],"farbe":[813],"qualitaet":[],"artikelart":[1231,877],"produktstatus":[418],"wellig":[994],"class_list":{"0":"post-85473","1":"product","2":"type-product","3":"status-publish","4":"has-post-thumbnail","6":"product_cat-emballages-cadeaux","7":"farbe-brun","8":"artikelart-emballages-cadeaux-avec-fenetre-fr","9":"artikelart-emballages-cadeaux-cannelure-ouverte","10":"produktstatus-sale","11":"wellig-1-cannelure","13":"first","14":"instock","15":"taxable","16":"shipping-taxable","17":"purchasable","18":"product-type-simple"},"tiered_pricing_type":"fixed","tiered_pricing_fixed_rules":[],"tiered_pricing_product_settings":{"layout":"default","base_unit_name":{"singular":null,"plural":null},"default_variation":null},"tiered_pricing_minimum_quantity":25,"tiered_pricing_roles_data":{"galenica-group":{"product_id":85473,"role":"galenica-group","pricing_type":"flat","regular_price":0.94,"sale_price":null,"discount":null,"discount_type":"sale_price","tiered_pricing_type":"fixed","percentage_rules":[],"fixed_rules":[],"minimum":25}},"tiered_pricing_percentage_rules":[],"tiered_pricing_maximum_quantity":null,"tiered_pricing_quantity_step":null,"_links":{"self":[{"href":"https:\/\/brieger.ch\/fr\/wp-json\/wp\/v2\/product\/85473","targetHints":{"allow":["GET"]}}],"collection":[{"href":"https:\/\/brieger.ch\/fr\/wp-json\/wp\/v2\/product"}],"about":[{"href":"https:\/\/brieger.ch\/fr\/wp-json\/wp\/v2\/types\/product"}],"replies":[{"embeddable":true,"href":"https:\/\/brieger.ch\/fr\/wp-json\/wp\/v2\/comments?post=85473"}],"wp:featuredmedia":[{"embeddable":true,"href":"https:\/\/brieger.ch\/fr\/wp-json\/wp\/v2\/media\/85476"}],"wp:attachment":[{"href":"https:\/\/brieger.ch\/fr\/wp-json\/wp\/v2\/media?parent=85473"}],"wp:term":[{"taxonomy":"product_brand","embeddable":true,"href":"https:\/\/brieger.ch\/fr\/wp-json\/wp\/v2\/product_brand?post=85473"},{"taxonomy":"product_cat","embeddable":true,"href":"https:\/\/brieger.ch\/fr\/wp-json\/wp\/v2\/product_cat?post=85473"},{"taxonomy":"product_tag","embeddable":true,"href":"https:\/\/brieger.ch\/fr\/wp-json\/wp\/v2\/product_tag?post=85473"},{"taxonomy":"farbe","embeddable":true,"href":"https:\/\/brieger.ch\/fr\/wp-json\/wp\/v2\/farbe?post=85473"},{"taxonomy":"qualitaet","embeddable":true,"href":"https:\/\/brieger.ch\/fr\/wp-json\/wp\/v2\/qualitaet?post=85473"},{"taxonomy":"artikelart","embeddable":true,"href":"https:\/\/brieger.ch\/fr\/wp-json\/wp\/v2\/artikelart?post=85473"},{"taxonomy":"produktstatus","embeddable":true,"href":"https:\/\/brieger.ch\/fr\/wp-json\/wp\/v2\/produktstatus?post=85473"},{"taxonomy":"wellig","embeddable":true,"href":"https:\/\/brieger.ch\/fr\/wp-json\/wp\/v2\/wellig?post=85473"}],"curies":[{"name":"wp","href":"https:\/\/api.w.org\/{rel}","templated":true}]}}

Emballages cadeaux avec fenêtre|Emballages cadeaux cannelure ouverte brun

<p>Emballage portatif avec fenêtre pour 2 pots de Ø 80 mm et hauteur 90 mm. Cannelure apparente, brun.</p>
