{"id":78107,"date":"2020-07-31T13:43:07","date_gmt":"2023-05-31T21:06:08","guid":{"rendered":"https:\/\/brieger.ch\/?post_type=product&#038;p=78107"},"modified":"2025-06-16T16:47:44","modified_gmt":"2025-06-16T14:47:44","slug":"87134","status":"publish","type":"product","link":"https:\/\/brieger.ch\/fr\/product\/87134\/","title":{"rendered":"Feuilles de carton ondul\u00e9 brun"},"content":{"rendered":"<p>Feuilles de carton ondul\u00e9, brun, Format de la feuille : 1000 x 1200 mm &#8211; Qualit\u00e9 3 mm<\/p>\n","protected":false},"excerpt":{"rendered":"<p>Wellkarton in Bogen, braun<\/p>\n","protected":false},"featured_media":34425,"comment_status":"closed","ping_status":"closed","template":"","meta":{"_searchwp_excluded":""},"product_brand":[],"product_cat":[791],"product_tag":[],"farbe":[813],"qualitaet":[144],"artikelart":[988],"produktstatus":[],"wellig":[994],"class_list":{"0":"post-78107","1":"product","2":"type-product","3":"status-publish","4":"has-post-thumbnail","6":"product_cat-carton-ondule-en-rouleaux","7":"farbe-brun","8":"qualitaet-3-0-mm","9":"artikelart-feuilles-de-carton-ondule","10":"wellig-1-cannelure","12":"first","13":"instock","14":"taxable","15":"shipping-taxable","16":"purchasable","17":"product-type-simple"},"tiered_pricing_type":"fixed","tiered_pricing_fixed_rules":{"20":"5.44","50":"4.64","100":"3.77","200":"3.17","500":"2.74"},"tiered_pricing_product_settings":{"layout":"default","base_unit_name":{"singular":null,"plural":null},"default_variation":null},"tiered_pricing_minimum_quantity":10,"tiered_pricing_roles_data":{"galenica-group":{"product_id":78107,"role":"galenica-group","pricing_type":"flat","regular_price":2.26,"sale_price":null,"discount":null,"discount_type":"sale_price","tiered_pricing_type":"fixed","percentage_rules":[],"fixed_rules":[],"minimum":10}},"tiered_pricing_percentage_rules":[],"tiered_pricing_maximum_quantity":null,"tiered_pricing_quantity_step":null,"_links":{"self":[{"href":"https:\/\/brieger.ch\/fr\/wp-json\/wp\/v2\/product\/78107","targetHints":{"allow":["GET"]}}],"collection":[{"href":"https:\/\/brieger.ch\/fr\/wp-json\/wp\/v2\/product"}],"about":[{"href":"https:\/\/brieger.ch\/fr\/wp-json\/wp\/v2\/types\/product"}],"replies":[{"embeddable":true,"href":"https:\/\/brieger.ch\/fr\/wp-json\/wp\/v2\/comments?post=78107"}],"wp:featuredmedia":[{"embeddable":true,"href":"https:\/\/brieger.ch\/fr\/wp-json\/wp\/v2\/media\/34425"}],"wp:attachment":[{"href":"https:\/\/brieger.ch\/fr\/wp-json\/wp\/v2\/media?parent=78107"}],"wp:term":[{"taxonomy":"product_brand","embeddable":true,"href":"https:\/\/brieger.ch\/fr\/wp-json\/wp\/v2\/product_brand?post=78107"},{"taxonomy":"product_cat","embeddable":true,"href":"https:\/\/brieger.ch\/fr\/wp-json\/wp\/v2\/product_cat?post=78107"},{"taxonomy":"product_tag","embeddable":true,"href":"https:\/\/brieger.ch\/fr\/wp-json\/wp\/v2\/product_tag?post=78107"},{"taxonomy":"farbe","embeddable":true,"href":"https:\/\/brieger.ch\/fr\/wp-json\/wp\/v2\/farbe?post=78107"},{"taxonomy":"qualitaet","embeddable":true,"href":"https:\/\/brieger.ch\/fr\/wp-json\/wp\/v2\/qualitaet?post=78107"},{"taxonomy":"artikelart","embeddable":true,"href":"https:\/\/brieger.ch\/fr\/wp-json\/wp\/v2\/artikelart?post=78107"},{"taxonomy":"produktstatus","embeddable":true,"href":"https:\/\/brieger.ch\/fr\/wp-json\/wp\/v2\/produktstatus?post=78107"},{"taxonomy":"wellig","embeddable":true,"href":"https:\/\/brieger.ch\/fr\/wp-json\/wp\/v2\/wellig?post=78107"}],"curies":[{"name":"wp","href":"https:\/\/api.w.org\/{rel}","templated":true}]}}

Feuilles de carton ondulé brun

<p>Feuilles de carton ondulé, brun, Format de la feuille : 1000 x 1200 mm &#8211; Qualité 3 mm</p>
