{"id":62936,"date":"2022-02-09T16:30:48","date_gmt":"2022-02-09T15:30:48","guid":{"rendered":"https:\/\/brieger.ch\/?post_type=product&#038;p=62936"},"modified":"2025-06-16T16:45:06","modified_gmt":"2025-06-16T14:45:06","slug":"55383","status":"publish","type":"product","link":"https:\/\/brieger.ch\/fr\/product\/55383\/","title":{"rendered":"Enveloppes matelass\u00e9es en papier light brun"},"content":{"rendered":"<p>Enveloppes matelass\u00e9es light, brun, en papier, dim. ext. 235 x 340 mm, Dim. int. 205 x 315 mm<br \/>\nLa pochette et le rembourrage innovant sont en papier kraft robuste. Des soudures particuli\u00e8rement solides garantissent une protection contre l&rsquo;humidit\u00e9 et les d\u00e9chirures.<\/p>\n","protected":false},"excerpt":{"rendered":"<p>Enveloppes matelass\u00e9es light, brun, en papier, Dim ext. 235 x 340 mm, Dim. int. 205 x 315 mm<\/p>\n","protected":false},"featured_media":62924,"comment_status":"closed","ping_status":"closed","template":"","meta":{"_searchwp_excluded":""},"product_brand":[],"product_cat":[1186],"product_tag":[],"farbe":[813],"qualitaet":[],"artikelart":[1084],"produktstatus":[],"wellig":[],"class_list":{"0":"post-62936","1":"product","2":"type-product","3":"status-publish","4":"has-post-thumbnail","6":"product_cat-enveloppes-en-papier","7":"farbe-brun","8":"artikelart-enveloppes-matelassees-brun-en-papier","10":"first","11":"instock","12":"taxable","13":"shipping-taxable","14":"purchasable","15":"product-type-simple"},"tiered_pricing_type":"fixed","tiered_pricing_fixed_rules":{"150":"0.85","300":"0.75","600":"0.67","900":"0.62"},"tiered_pricing_product_settings":{"layout":"default","base_unit_name":{"singular":null,"plural":null},"default_variation":null},"tiered_pricing_minimum_quantity":75,"tiered_pricing_roles_data":{"galenica-group":{"product_id":62936,"role":"galenica-group","pricing_type":"flat","regular_price":0.53,"sale_price":null,"discount":null,"discount_type":"sale_price","tiered_pricing_type":"fixed","percentage_rules":[],"fixed_rules":[],"minimum":75}},"tiered_pricing_percentage_rules":[],"tiered_pricing_maximum_quantity":null,"tiered_pricing_quantity_step":null,"_links":{"self":[{"href":"https:\/\/brieger.ch\/fr\/wp-json\/wp\/v2\/product\/62936","targetHints":{"allow":["GET"]}}],"collection":[{"href":"https:\/\/brieger.ch\/fr\/wp-json\/wp\/v2\/product"}],"about":[{"href":"https:\/\/brieger.ch\/fr\/wp-json\/wp\/v2\/types\/product"}],"replies":[{"embeddable":true,"href":"https:\/\/brieger.ch\/fr\/wp-json\/wp\/v2\/comments?post=62936"}],"wp:featuredmedia":[{"embeddable":true,"href":"https:\/\/brieger.ch\/fr\/wp-json\/wp\/v2\/media\/62924"}],"wp:attachment":[{"href":"https:\/\/brieger.ch\/fr\/wp-json\/wp\/v2\/media?parent=62936"}],"wp:term":[{"taxonomy":"product_brand","embeddable":true,"href":"https:\/\/brieger.ch\/fr\/wp-json\/wp\/v2\/product_brand?post=62936"},{"taxonomy":"product_cat","embeddable":true,"href":"https:\/\/brieger.ch\/fr\/wp-json\/wp\/v2\/product_cat?post=62936"},{"taxonomy":"product_tag","embeddable":true,"href":"https:\/\/brieger.ch\/fr\/wp-json\/wp\/v2\/product_tag?post=62936"},{"taxonomy":"farbe","embeddable":true,"href":"https:\/\/brieger.ch\/fr\/wp-json\/wp\/v2\/farbe?post=62936"},{"taxonomy":"qualitaet","embeddable":true,"href":"https:\/\/brieger.ch\/fr\/wp-json\/wp\/v2\/qualitaet?post=62936"},{"taxonomy":"artikelart","embeddable":true,"href":"https:\/\/brieger.ch\/fr\/wp-json\/wp\/v2\/artikelart?post=62936"},{"taxonomy":"produktstatus","embeddable":true,"href":"https:\/\/brieger.ch\/fr\/wp-json\/wp\/v2\/produktstatus?post=62936"},{"taxonomy":"wellig","embeddable":true,"href":"https:\/\/brieger.ch\/fr\/wp-json\/wp\/v2\/wellig?post=62936"}],"curies":[{"name":"wp","href":"https:\/\/api.w.org\/{rel}","templated":true}]}}

Enveloppes matelassées en papier light brun

<p>Enveloppes matelassées light, brun, en papier, dim. ext. 235 x 340 mm, Dim. int. 205 x 315 mm<br />
La pochette et le rembourrage innovant sont en papier kraft robuste. Des soudures particulièrement solides garantissent une protection contre l&rsquo;humidité et les déchirures.</p>

<p>Enveloppes matelassées light, brun, en papier, Dim ext. 235 x 340 mm, Dim. int. 205 x 315 mm</p>
