{"id":40463,"date":"2020-07-31T13:43:07","date_gmt":"2020-07-31T13:59:10","guid":{"rendered":"https:\/\/brieger.hundert1.ch\/produkt\/123-6\/"},"modified":"2025-06-16T16:42:44","modified_gmt":"2025-06-16T14:42:44","slug":"87131","status":"publish","type":"product","link":"https:\/\/brieger.ch\/fr\/product\/87131\/","title":{"rendered":"Feuilles de carton ondul\u00e9 brun"},"content":{"rendered":"<p>Feuilles de carton ondul\u00e9, brun, Format de la feuille : 720 x 1000 mm &#8211; Qualit\u00e9 1.5 mm<\/p>\n","protected":false},"excerpt":{"rendered":"<p>Feuilles de carton ondul\u00e9, brun<\/p>\n","protected":false},"featured_media":34425,"comment_status":"closed","ping_status":"closed","template":"","meta":{"_searchwp_excluded":""},"product_brand":[],"product_cat":[791],"product_tag":[],"farbe":[813],"qualitaet":[142],"artikelart":[988],"produktstatus":[],"wellig":[],"class_list":{"0":"post-40463","1":"product","2":"type-product","3":"status-publish","4":"has-post-thumbnail","6":"product_cat-carton-ondule-en-rouleaux","7":"farbe-brun","8":"qualitaet-1-5-mm","9":"artikelart-feuilles-de-carton-ondule","11":"first","12":"instock","13":"taxable","14":"shipping-taxable","15":"purchasable","16":"product-type-simple"},"tiered_pricing_type":"fixed","tiered_pricing_fixed_rules":{"20":"3.81","50":"3.05","100":"2.58","200":"2.11","500":"1.7"},"tiered_pricing_product_settings":{"layout":"default","base_unit_name":{"singular":null,"plural":null},"default_variation":null},"tiered_pricing_minimum_quantity":10,"tiered_pricing_roles_data":{"galenica-group":{"product_id":40463,"role":"galenica-group","pricing_type":"flat","regular_price":1.4,"sale_price":null,"discount":null,"discount_type":"sale_price","tiered_pricing_type":"fixed","percentage_rules":[],"fixed_rules":[],"minimum":10}},"tiered_pricing_percentage_rules":[],"tiered_pricing_maximum_quantity":null,"tiered_pricing_quantity_step":null,"_links":{"self":[{"href":"https:\/\/brieger.ch\/fr\/wp-json\/wp\/v2\/product\/40463","targetHints":{"allow":["GET"]}}],"collection":[{"href":"https:\/\/brieger.ch\/fr\/wp-json\/wp\/v2\/product"}],"about":[{"href":"https:\/\/brieger.ch\/fr\/wp-json\/wp\/v2\/types\/product"}],"replies":[{"embeddable":true,"href":"https:\/\/brieger.ch\/fr\/wp-json\/wp\/v2\/comments?post=40463"}],"wp:featuredmedia":[{"embeddable":true,"href":"https:\/\/brieger.ch\/fr\/wp-json\/wp\/v2\/media\/34425"}],"wp:attachment":[{"href":"https:\/\/brieger.ch\/fr\/wp-json\/wp\/v2\/media?parent=40463"}],"wp:term":[{"taxonomy":"product_brand","embeddable":true,"href":"https:\/\/brieger.ch\/fr\/wp-json\/wp\/v2\/product_brand?post=40463"},{"taxonomy":"product_cat","embeddable":true,"href":"https:\/\/brieger.ch\/fr\/wp-json\/wp\/v2\/product_cat?post=40463"},{"taxonomy":"product_tag","embeddable":true,"href":"https:\/\/brieger.ch\/fr\/wp-json\/wp\/v2\/product_tag?post=40463"},{"taxonomy":"farbe","embeddable":true,"href":"https:\/\/brieger.ch\/fr\/wp-json\/wp\/v2\/farbe?post=40463"},{"taxonomy":"qualitaet","embeddable":true,"href":"https:\/\/brieger.ch\/fr\/wp-json\/wp\/v2\/qualitaet?post=40463"},{"taxonomy":"artikelart","embeddable":true,"href":"https:\/\/brieger.ch\/fr\/wp-json\/wp\/v2\/artikelart?post=40463"},{"taxonomy":"produktstatus","embeddable":true,"href":"https:\/\/brieger.ch\/fr\/wp-json\/wp\/v2\/produktstatus?post=40463"},{"taxonomy":"wellig","embeddable":true,"href":"https:\/\/brieger.ch\/fr\/wp-json\/wp\/v2\/wellig?post=40463"}],"curies":[{"name":"wp","href":"https:\/\/api.w.org\/{rel}","templated":true}]}}

Feuilles de carton ondulé brun

<p>Feuilles de carton ondulé, brun, Format de la feuille : 720 x 1000 mm &#8211; Qualité 1.5 mm</p>

<p>Feuilles de carton ondulé, brun</p>
