{"id":40293,"date":"2020-07-31T13:38:35","date_gmt":"2020-07-31T13:50:36","guid":{"rendered":"https:\/\/brieger.hundert1.ch\/produkt\/45139\/"},"modified":"2025-07-11T16:55:56","modified_gmt":"2025-07-11T14:55:56","slug":"45139","status":"publish","type":"product","link":"https:\/\/brieger.ch\/fr\/product\/45139\/","title":{"rendered":"VARIFIX Emballage universel avec fermeture autocollante \u2013 325 x 250 x 15 \u2013 80 mm"},"content":{"rendered":"<p>L\u2019emballage VARIFIX au format 325 x 250 x 15 &#8211; 80 mm est la solution parfaite pour ceux qui souhaitent acheter un emballage universel avec <a href=\"https:\/\/brieger.ch\/fr\/boites\/boxes-avec-fermeture-autocollantes\/\" target=\"_blank\" rel=\"noopener\">fermeture autocollante<\/a> pour des envois \u00e0 plats. Il convient parfaitement pour <a href=\"https:\/\/brieger.ch\/fr\/accessoires\/decoupes-coins-de-protection\/\" target=\"_blank\" rel=\"noopener\">prot\u00e9ger<\/a> des livres, des documents, des catalogues ou des pi\u00e8ces techniques durant le transport, il est parfait pour les envois l\u00e9g\u00e8rement plus grands que le format <a href=\"https:\/\/brieger.ch\/fr\/formats-a5-a4-b4-b5\/\" target=\"_blank\" rel=\"noopener\">A4<\/a>.<\/p>\n<p>Gr\u00e2ce \u00e0 sa <a href=\"https:\/\/brieger.ch\/fr\/boites\/boxes-avec-fermeture-autocollantes\/\" target=\"_blank\" rel=\"noopener\">fermeture autocollante<\/a> int\u00e9gr\u00e9e, ce carton se ferme proprement et rapidement, sans besoin d\u2019accessoires suppl\u00e9mentaires. Une bande d\u2019arrachage pratique facilite l\u2019ouverture par le destinataire.<\/p>\n<p>Fabriqu\u00e9 en carton ondul\u00e9 solide, il garantit une excellente r\u00e9sistance contre les chocs.<\/p>\n<p>Lorsque vous achetez des emballages VARIFIX, vous b\u00e9n\u00e9ficiez non seulement de la qualit\u00e9 et de l\u2019efficacit\u00e9, mais aussi d\u2019une solution d\u2019emballage durable avec une manipulation bien pens\u00e9e.<\/p>\n<h2>Avantages et caract\u00e9ristiques du carton VARIFIX 325 x 250 x 15 &#8211; 80 mm :<\/h2>\n<ul>\n<li>Format optimis\u00e9 pour produits plats<\/li>\n<li>Les bords d\u2019assemblage coll\u00e9s assurent une protection compl\u00e8te sur tout le pourtour du colis, \u00e9vitant les ouvertures involontaires et garantissant une s\u00e9curit\u00e9 optimale pendant le transport.<\/li>\n<li><a href=\"https:\/\/brieger.ch\/fr\/boites\/boxes-avec-fermeture-autocollantes\/\" target=\"_blank\" rel=\"noopener\">Fermeture autocollante<\/a> \u2013 gain de temps et s\u00e9curit\u00e9<\/li>\n<li>Ouverture facile gr\u00e2ce \u00e0 la bande d\u2019arrachage<\/li>\n<li>Carton ondul\u00e9 r\u00e9sistant \u2013 protection renforc\u00e9e pendant le transport<\/li>\n<li>Livraison \u00e0 plat \u2013 stockage peu encombrant<\/li>\n<li>Respectueux de l\u2019environnement \u2013 100 % recyclable<\/li>\n<li>Polyvalent \u2013 parfait pour des documents, des livres, des pi\u00e8ces d\u00e9tach\u00e9es, ou des envois commerciaux<\/li>\n<\/ul>\n<div id=\"gtx-trans\" style=\"position: absolute; left: 650px; top: 24px;\">\n<div class=\"gtx-trans-icon\"><\/div>\n<\/div>\n","protected":false},"excerpt":{"rendered":"<p>L\u2019emballage universel Varifix, varier la hauteur, avec 1 fermeture autocollante, brun, 62\/30<\/p>\n","protected":false},"featured_media":34179,"comment_status":"closed","ping_status":"closed","template":"","meta":{"_searchwp_excluded":""},"product_brand":[],"product_cat":[801,1155],"product_tag":[],"farbe":[813],"qualitaet":[144],"artikelart":[883],"produktstatus":[],"wellig":[994],"class_list":{"0":"post-40293","1":"product","2":"type-product","3":"status-publish","4":"has-post-thumbnail","6":"product_cat-lemballage-universel","7":"product_cat-varifix-fr","8":"farbe-brun","9":"qualitaet-3-0-mm","10":"artikelart-lemballage-universel-varifix-varier-la-hauteur-avec-1-fermetures-autocollantes","11":"wellig-1-cannelure","13":"first","14":"instock","15":"taxable","16":"shipping-taxable","17":"purchasable","18":"product-type-simple"},"tiered_pricing_type":"fixed","tiered_pricing_fixed_rules":{"100":"1.9","200":"1.58","500":"1.41","800":"1.27","1600":"1.25"},"tiered_pricing_product_settings":{"layout":"default","base_unit_name":{"singular":null,"plural":null},"default_variation":null},"tiered_pricing_minimum_quantity":50,"tiered_pricing_roles_data":{"galenica-group":{"product_id":40293,"role":"galenica-group","pricing_type":"flat","regular_price":1.03,"sale_price":null,"discount":null,"discount_type":"sale_price","tiered_pricing_type":"fixed","percentage_rules":[],"fixed_rules":[],"minimum":50}},"tiered_pricing_percentage_rules":[],"tiered_pricing_maximum_quantity":null,"tiered_pricing_quantity_step":null,"_links":{"self":[{"href":"https:\/\/brieger.ch\/fr\/wp-json\/wp\/v2\/product\/40293","targetHints":{"allow":["GET"]}}],"collection":[{"href":"https:\/\/brieger.ch\/fr\/wp-json\/wp\/v2\/product"}],"about":[{"href":"https:\/\/brieger.ch\/fr\/wp-json\/wp\/v2\/types\/product"}],"replies":[{"embeddable":true,"href":"https:\/\/brieger.ch\/fr\/wp-json\/wp\/v2\/comments?post=40293"}],"wp:featuredmedia":[{"embeddable":true,"href":"https:\/\/brieger.ch\/fr\/wp-json\/wp\/v2\/media\/34179"}],"wp:attachment":[{"href":"https:\/\/brieger.ch\/fr\/wp-json\/wp\/v2\/media?parent=40293"}],"wp:term":[{"taxonomy":"product_brand","embeddable":true,"href":"https:\/\/brieger.ch\/fr\/wp-json\/wp\/v2\/product_brand?post=40293"},{"taxonomy":"product_cat","embeddable":true,"href":"https:\/\/brieger.ch\/fr\/wp-json\/wp\/v2\/product_cat?post=40293"},{"taxonomy":"product_tag","embeddable":true,"href":"https:\/\/brieger.ch\/fr\/wp-json\/wp\/v2\/product_tag?post=40293"},{"taxonomy":"farbe","embeddable":true,"href":"https:\/\/brieger.ch\/fr\/wp-json\/wp\/v2\/farbe?post=40293"},{"taxonomy":"qualitaet","embeddable":true,"href":"https:\/\/brieger.ch\/fr\/wp-json\/wp\/v2\/qualitaet?post=40293"},{"taxonomy":"artikelart","embeddable":true,"href":"https:\/\/brieger.ch\/fr\/wp-json\/wp\/v2\/artikelart?post=40293"},{"taxonomy":"produktstatus","embeddable":true,"href":"https:\/\/brieger.ch\/fr\/wp-json\/wp\/v2\/produktstatus?post=40293"},{"taxonomy":"wellig","embeddable":true,"href":"https:\/\/brieger.ch\/fr\/wp-json\/wp\/v2\/wellig?post=40293"}],"curies":[{"name":"wp","href":"https:\/\/api.w.org\/{rel}","templated":true}]}}

<p>L’emballage VARIFIX au format 325 x 250 x 15 &#8211; 80 mm est la solution parfaite pour ceux qui souhaitent acheter un emballage universel avec <a href="https://brieger.ch/fr/boites/boxes-avec-fermeture-autocollantes/" target="_blank" rel="noopener">fermeture autocollante</a> pour des envois à plats. Il convient parfaitement pour <a href="https://brieger.ch/fr/accessoires/decoupes-coins-de-protection/" target="_blank" rel="noopener">protéger</a> des livres, des documents, des catalogues ou des pièces techniques durant le transport, il est parfait pour les envois légèrement plus grands que le format <a href="https://brieger.ch/fr/formats-a5-a4-b4-b5/" target="_blank" rel="noopener">A4</a>.</p>
<p>Grâce à sa <a href="https://brieger.ch/fr/boites/boxes-avec-fermeture-autocollantes/" target="_blank" rel="noopener">fermeture autocollante</a> intégrée, ce carton se ferme proprement et rapidement, sans besoin d’accessoires supplémentaires. Une bande d’arrachage pratique facilite l’ouverture par le destinataire.</p>
<p>Fabriqué en carton ondulé solide, il garantit une excellente résistance contre les chocs.</p>
<p>Lorsque vous achetez des emballages VARIFIX, vous bénéficiez non seulement de la qualité et de l’efficacité, mais aussi d’une solution d’emballage durable avec une manipulation bien pensée.</p>
<h2>Avantages et caractéristiques du carton VARIFIX 325 x 250 x 15 &#8211; 80 mm :</h2>
<ul>
<li>Format optimisé pour produits plats</li>
<li>Les bords d’assemblage collés assurent une protection complète sur tout le pourtour du colis, évitant les ouvertures involontaires et garantissant une sécurité optimale pendant le transport.</li>
<li><a href="https://brieger.ch/fr/boites/boxes-avec-fermeture-autocollantes/" target="_blank" rel="noopener">Fermeture autocollante</a> – gain de temps et sécurité</li>
<li>Ouverture facile grâce à la bande d’arrachage</li>
<li>Carton ondulé résistant – protection renforcée pendant le transport</li>
<li>Livraison à plat – stockage peu encombrant</li>
<li>Respectueux de l’environnement – 100 % recyclable</li>
<li>Polyvalent – parfait pour des documents, des livres, des pièces détachées, ou des envois commerciaux</li>
</ul>
<div id="gtx-trans" style="position: absolute; left: 650px; top: 24px;">
<div class="gtx-trans-icon"></div>
</div>
