{"id":40286,"date":"2020-07-31T13:38:20","date_gmt":"2020-07-31T13:50:36","guid":{"rendered":"https:\/\/brieger.hundert1.ch\/produkt\/45130\/"},"modified":"2026-02-16T14:52:29","modified_gmt":"2026-02-16T13:52:29","slug":"45730","status":"publish","type":"product","link":"https:\/\/brieger.ch\/fr\/product\/45730\/","title":{"rendered":"Emballage universel VARIFIX A4 brun \u2013 pratique, adaptable et professionnel"},"content":{"rendered":"<p>Cet <a href=\"https:\/\/brieger.ch\/fr\/emballages-postaux\/emballages-universels\/\" target=\"_blank\" rel=\"noopener\">emballage universel<\/a> de la gamme <a href=\"https:\/\/brieger.ch\/fr\/varifix\/\" target=\"_blank\" rel=\"noopener\">VARIFIX<\/a> est id\u00e9al pour exp\u00e9dier en toute s\u00e9curit\u00e9 des documents ou produits au <a href=\"https:\/\/brieger.ch\/fr\/a4\/\" target=\"_blank\" rel=\"noopener\">format A4<\/a>. Sa hauteur r\u00e9glable jusqu\u2019\u00e0 60 mm permet de s\u2019adapter \u00e0 diff\u00e9rents contenus, tandis que sa fermeture autocollante int\u00e9gr\u00e9e garantit une manipulation rapide et efficace.<\/p>\n<h2>Les avantages de cet emballage universel avec fermeture autocollante<\/h2>\n<ul>\n<li><strong>Construction bien pens\u00e9e<\/strong> \u2013 utilisation diverse<\/li>\n<li><strong>Hauteur variable de 0 \u00e0 60 mm<\/strong> \u2013 pour des contenus d\u2019\u00e9paisseurs diff\u00e9rentes<\/li>\n<li><strong>Avec fermeture autocollante<\/strong> \u2013 propre, simple et rapide<\/li>\n<li><strong>Dimensions 305 x 215 mm (A4)<\/strong> \u2013 parfait pour brochures, documents ou catalogues<\/li>\n<li><strong>Surface brune<\/strong> \u2013 naturelle, solide, personnalisable<\/li>\n<li><strong>Poids net<\/strong> : 157 g \u2013 robuste et \u00e9conomique<\/li>\n<li><strong>Quantit\u00e9 minimale de commande<\/strong> : 25 pi\u00e8ces \u2013 pour une grande souplesse d\u2019utilisation<\/li>\n<\/ul>\n","protected":false},"excerpt":{"rendered":"<p>L\u2019emballage universel Varifix, varier la hauteur, avec 1 fermeture autocollante, brun<\/p>\n","protected":false},"featured_media":34179,"comment_status":"closed","ping_status":"closed","template":"","meta":{"_searchwp_excluded":""},"product_brand":[],"product_cat":[801,1155],"product_tag":[],"farbe":[813],"qualitaet":[221],"artikelart":[883],"produktstatus":[],"wellig":[994],"class_list":{"0":"post-40286","1":"product","2":"type-product","3":"status-publish","4":"has-post-thumbnail","6":"product_cat-lemballage-universel","7":"product_cat-varifix-fr","8":"farbe-brun","9":"qualitaet-2-2-mm","10":"artikelart-lemballage-universel-varifix-varier-la-hauteur-avec-1-fermetures-autocollantes","11":"wellig-1-cannelure","13":"first","14":"instock","15":"taxable","16":"shipping-taxable","17":"purchasable","18":"product-type-simple"},"tiered_pricing_type":"fixed","tiered_pricing_fixed_rules":{"50":"1.92","100":"1.63","200":"1.36","500":"1.1","1000":"0.87","2000":"0.84"},"tiered_pricing_product_settings":{"layout":"default","base_unit_name":{"singular":null,"plural":null},"default_variation":null},"tiered_pricing_minimum_quantity":25,"tiered_pricing_roles_data":{"galenica-group":{"product_id":40286,"role":"galenica-group","pricing_type":"flat","regular_price":0.7,"sale_price":null,"discount":null,"discount_type":"sale_price","tiered_pricing_type":"fixed","percentage_rules":[],"fixed_rules":[],"minimum":25}},"tiered_pricing_percentage_rules":[],"tiered_pricing_maximum_quantity":null,"tiered_pricing_quantity_step":null,"_links":{"self":[{"href":"https:\/\/brieger.ch\/fr\/wp-json\/wp\/v2\/product\/40286","targetHints":{"allow":["GET"]}}],"collection":[{"href":"https:\/\/brieger.ch\/fr\/wp-json\/wp\/v2\/product"}],"about":[{"href":"https:\/\/brieger.ch\/fr\/wp-json\/wp\/v2\/types\/product"}],"replies":[{"embeddable":true,"href":"https:\/\/brieger.ch\/fr\/wp-json\/wp\/v2\/comments?post=40286"}],"wp:featuredmedia":[{"embeddable":true,"href":"https:\/\/brieger.ch\/fr\/wp-json\/wp\/v2\/media\/34179"}],"wp:attachment":[{"href":"https:\/\/brieger.ch\/fr\/wp-json\/wp\/v2\/media?parent=40286"}],"wp:term":[{"taxonomy":"product_brand","embeddable":true,"href":"https:\/\/brieger.ch\/fr\/wp-json\/wp\/v2\/product_brand?post=40286"},{"taxonomy":"product_cat","embeddable":true,"href":"https:\/\/brieger.ch\/fr\/wp-json\/wp\/v2\/product_cat?post=40286"},{"taxonomy":"product_tag","embeddable":true,"href":"https:\/\/brieger.ch\/fr\/wp-json\/wp\/v2\/product_tag?post=40286"},{"taxonomy":"farbe","embeddable":true,"href":"https:\/\/brieger.ch\/fr\/wp-json\/wp\/v2\/farbe?post=40286"},{"taxonomy":"qualitaet","embeddable":true,"href":"https:\/\/brieger.ch\/fr\/wp-json\/wp\/v2\/qualitaet?post=40286"},{"taxonomy":"artikelart","embeddable":true,"href":"https:\/\/brieger.ch\/fr\/wp-json\/wp\/v2\/artikelart?post=40286"},{"taxonomy":"produktstatus","embeddable":true,"href":"https:\/\/brieger.ch\/fr\/wp-json\/wp\/v2\/produktstatus?post=40286"},{"taxonomy":"wellig","embeddable":true,"href":"https:\/\/brieger.ch\/fr\/wp-json\/wp\/v2\/wellig?post=40286"}],"curies":[{"name":"wp","href":"https:\/\/api.w.org\/{rel}","templated":true}]}}

<p>Cet <a href="https://brieger.ch/fr/emballages-postaux/emballages-universels/" target="_blank" rel="noopener">emballage universel</a> de la gamme <a href="https://brieger.ch/fr/varifix/" target="_blank" rel="noopener">VARIFIX</a> est idéal pour expédier en toute sécurité des documents ou produits au <a href="https://brieger.ch/fr/a4/" target="_blank" rel="noopener">format A4</a>. Sa hauteur réglable jusqu’à 60 mm permet de s’adapter à différents contenus, tandis que sa fermeture autocollante intégrée garantit une manipulation rapide et efficace.</p>
<h2>Les avantages de cet emballage universel avec fermeture autocollante</h2>
<ul>
<li><strong>Construction bien pensée</strong> – utilisation diverse</li>
<li><strong>Hauteur variable de 0 à 60 mm</strong> – pour des contenus d’épaisseurs différentes</li>
<li><strong>Avec fermeture autocollante</strong> – propre, simple et rapide</li>
<li><strong>Dimensions 305 x 215 mm (A4)</strong> – parfait pour brochures, documents ou catalogues</li>
<li><strong>Surface brune</strong> – naturelle, solide, personnalisable</li>
<li><strong>Poids net</strong> : 157 g – robuste et économique</li>
<li><strong>Quantité minimale de commande</strong> : 25 pièces – pour une grande souplesse d’utilisation</li>
</ul>
