{"id":39958,"date":"2020-07-31T13:29:51","date_gmt":"2020-07-31T13:35:02","guid":{"rendered":"https:\/\/brieger.hundert1.ch\/produkt\/66290\/"},"modified":"2025-06-16T16:35:41","modified_gmt":"2025-06-16T14:35:41","slug":"66290","status":"publish","type":"product","link":"https:\/\/brieger.ch\/fr\/product\/66290\/","title":{"rendered":"Boxes d&#039;exp\u00e9dition pour plusieurs classeurs avec fond automatique blanc"},"content":{"rendered":"<p>Boxes d&rsquo;exp\u00e9dition pour plusieurs classeurs avec fond automatique, blanc, facile \u00e0 transporter gr\u00e2ce aux poign\u00e9es<\/p>\n","protected":false},"excerpt":{"rendered":"<p>Boxes d&rsquo;exp\u00e9dition pour plusieurs classeurs avec fond automatique, blanc<\/p>\n","protected":false},"featured_media":34813,"comment_status":"closed","ping_status":"closed","template":"","meta":{"_searchwp_excluded":""},"product_brand":[],"product_cat":[789],"product_tag":[],"farbe":[824],"qualitaet":[144],"artikelart":[907],"produktstatus":[],"wellig":[994],"class_list":{"0":"post-39958","1":"product","2":"type-product","3":"status-publish","4":"has-post-thumbnail","6":"product_cat-emballages-pour-classeurs","7":"farbe-blanc","8":"qualitaet-3-0-mm","9":"artikelart-boxes-dexpedition-pour-plusieurs-classeurs-avec-fond-automatique","10":"wellig-1-cannelure","12":"first","13":"instock","14":"taxable","15":"shipping-taxable","16":"purchasable","17":"product-type-simple"},"tiered_pricing_type":"fixed","tiered_pricing_fixed_rules":{"20":"8.91","50":"7.69","100":"6.6","150":"5.54"},"tiered_pricing_product_settings":{"layout":"default","base_unit_name":{"singular":null,"plural":null},"default_variation":null},"tiered_pricing_minimum_quantity":10,"tiered_pricing_roles_data":{"galenica-group":{"product_id":39958,"role":"galenica-group","pricing_type":"flat","regular_price":4.57,"sale_price":null,"discount":null,"discount_type":"sale_price","tiered_pricing_type":"fixed","percentage_rules":[],"fixed_rules":[],"minimum":10}},"tiered_pricing_percentage_rules":[],"tiered_pricing_maximum_quantity":null,"tiered_pricing_quantity_step":null,"_links":{"self":[{"href":"https:\/\/brieger.ch\/fr\/wp-json\/wp\/v2\/product\/39958","targetHints":{"allow":["GET"]}}],"collection":[{"href":"https:\/\/brieger.ch\/fr\/wp-json\/wp\/v2\/product"}],"about":[{"href":"https:\/\/brieger.ch\/fr\/wp-json\/wp\/v2\/types\/product"}],"replies":[{"embeddable":true,"href":"https:\/\/brieger.ch\/fr\/wp-json\/wp\/v2\/comments?post=39958"}],"wp:featuredmedia":[{"embeddable":true,"href":"https:\/\/brieger.ch\/fr\/wp-json\/wp\/v2\/media\/34813"}],"wp:attachment":[{"href":"https:\/\/brieger.ch\/fr\/wp-json\/wp\/v2\/media?parent=39958"}],"wp:term":[{"taxonomy":"product_brand","embeddable":true,"href":"https:\/\/brieger.ch\/fr\/wp-json\/wp\/v2\/product_brand?post=39958"},{"taxonomy":"product_cat","embeddable":true,"href":"https:\/\/brieger.ch\/fr\/wp-json\/wp\/v2\/product_cat?post=39958"},{"taxonomy":"product_tag","embeddable":true,"href":"https:\/\/brieger.ch\/fr\/wp-json\/wp\/v2\/product_tag?post=39958"},{"taxonomy":"farbe","embeddable":true,"href":"https:\/\/brieger.ch\/fr\/wp-json\/wp\/v2\/farbe?post=39958"},{"taxonomy":"qualitaet","embeddable":true,"href":"https:\/\/brieger.ch\/fr\/wp-json\/wp\/v2\/qualitaet?post=39958"},{"taxonomy":"artikelart","embeddable":true,"href":"https:\/\/brieger.ch\/fr\/wp-json\/wp\/v2\/artikelart?post=39958"},{"taxonomy":"produktstatus","embeddable":true,"href":"https:\/\/brieger.ch\/fr\/wp-json\/wp\/v2\/produktstatus?post=39958"},{"taxonomy":"wellig","embeddable":true,"href":"https:\/\/brieger.ch\/fr\/wp-json\/wp\/v2\/wellig?post=39958"}],"curies":[{"name":"wp","href":"https:\/\/api.w.org\/{rel}","templated":true}]}}

Boxes d&#039;expédition pour plusieurs classeurs avec fond automatique blanc

<p>Boxes d&rsquo;expédition pour plusieurs classeurs avec fond automatique, blanc, facile à transporter grâce aux poignées</p>

<p>Boxes d&rsquo;expédition pour plusieurs classeurs avec fond automatique, blanc</p>
