{"id":39877,"date":"2020-07-31T13:27:59","date_gmt":"2020-07-31T13:31:17","guid":{"rendered":"https:\/\/brieger.hundert1.ch\/produkt\/75652\/"},"modified":"2025-06-16T16:34:30","modified_gmt":"2025-06-16T14:34:30","slug":"75652","status":"publish","type":"product","link":"https:\/\/brieger.ch\/fr\/product\/75652\/","title":{"rendered":"Bo\u00eetes \u00e0 fermeture rapide 1-cannelure noir"},"content":{"rendered":"<p>Bo\u00eetes \u00e0 fermeture rapide, noir, Norm A5, Ligne noire<\/p>\n","protected":false},"excerpt":{"rendered":"<p>Bo\u00eetes \u00e0 fermeture rapide, noir, Norm A5, Ligne noire<\/p>\n","protected":false},"featured_media":34856,"comment_status":"closed","ping_status":"closed","template":"","meta":{"_searchwp_excluded":""},"product_brand":[],"product_cat":[783,1075],"product_tag":[],"farbe":[822],"qualitaet":[142],"artikelart":[894],"produktstatus":[],"wellig":[],"class_list":{"0":"post-39877","1":"product","2":"type-product","3":"status-publish","4":"has-post-thumbnail","6":"product_cat-boites-a-fermeture-rapide","7":"product_cat-ligne-noire-fr","8":"farbe-noir","9":"qualitaet-1-5-mm","10":"artikelart-boites-a-fermeture-rapide-1-cannelure","12":"first","13":"instock","14":"taxable","15":"shipping-taxable","16":"purchasable","17":"product-type-simple"},"tiered_pricing_type":"fixed","tiered_pricing_fixed_rules":{"50":"2.7","100":"1.98","500":"1.17","1000":"1.04","2000":"0.94"},"tiered_pricing_product_settings":{"layout":"default","base_unit_name":{"singular":null,"plural":null},"default_variation":null},"tiered_pricing_minimum_quantity":10,"tiered_pricing_roles_data":{"galenica-group":{"product_id":39877,"role":"galenica-group","pricing_type":"flat","regular_price":0.77,"sale_price":null,"discount":null,"discount_type":"sale_price","tiered_pricing_type":"fixed","percentage_rules":[],"fixed_rules":[],"minimum":10}},"tiered_pricing_percentage_rules":[],"tiered_pricing_maximum_quantity":null,"tiered_pricing_quantity_step":null,"_links":{"self":[{"href":"https:\/\/brieger.ch\/fr\/wp-json\/wp\/v2\/product\/39877","targetHints":{"allow":["GET"]}}],"collection":[{"href":"https:\/\/brieger.ch\/fr\/wp-json\/wp\/v2\/product"}],"about":[{"href":"https:\/\/brieger.ch\/fr\/wp-json\/wp\/v2\/types\/product"}],"replies":[{"embeddable":true,"href":"https:\/\/brieger.ch\/fr\/wp-json\/wp\/v2\/comments?post=39877"}],"wp:featuredmedia":[{"embeddable":true,"href":"https:\/\/brieger.ch\/fr\/wp-json\/wp\/v2\/media\/34856"}],"wp:attachment":[{"href":"https:\/\/brieger.ch\/fr\/wp-json\/wp\/v2\/media?parent=39877"}],"wp:term":[{"taxonomy":"product_brand","embeddable":true,"href":"https:\/\/brieger.ch\/fr\/wp-json\/wp\/v2\/product_brand?post=39877"},{"taxonomy":"product_cat","embeddable":true,"href":"https:\/\/brieger.ch\/fr\/wp-json\/wp\/v2\/product_cat?post=39877"},{"taxonomy":"product_tag","embeddable":true,"href":"https:\/\/brieger.ch\/fr\/wp-json\/wp\/v2\/product_tag?post=39877"},{"taxonomy":"farbe","embeddable":true,"href":"https:\/\/brieger.ch\/fr\/wp-json\/wp\/v2\/farbe?post=39877"},{"taxonomy":"qualitaet","embeddable":true,"href":"https:\/\/brieger.ch\/fr\/wp-json\/wp\/v2\/qualitaet?post=39877"},{"taxonomy":"artikelart","embeddable":true,"href":"https:\/\/brieger.ch\/fr\/wp-json\/wp\/v2\/artikelart?post=39877"},{"taxonomy":"produktstatus","embeddable":true,"href":"https:\/\/brieger.ch\/fr\/wp-json\/wp\/v2\/produktstatus?post=39877"},{"taxonomy":"wellig","embeddable":true,"href":"https:\/\/brieger.ch\/fr\/wp-json\/wp\/v2\/wellig?post=39877"}],"curies":[{"name":"wp","href":"https:\/\/api.w.org\/{rel}","templated":true}]}}

Boîtes à fermeture rapide 1-cannelure noir

<p>Boîtes à fermeture rapide, noir, Norm A5, Ligne noire</p>
