{"id":39734,"date":"2020-07-31T13:24:31","date_gmt":"2020-07-31T13:24:58","guid":{"rendered":"https:\/\/brieger.hundert1.ch\/produkt\/76214\/"},"modified":"2025-06-16T16:32:33","modified_gmt":"2025-06-16T14:32:33","slug":"76214","status":"publish","type":"product","link":"https:\/\/brieger.ch\/fr\/product\/76214\/","title":{"rendered":"Papier d&#039;emballage"},"content":{"rendered":"<p>Papier d&#8217;emballage, brun, rouleau, largeur 100 cm x longueur 300 m &#8211; papier Kraft brun &#8211; \u00d8 du rouleau 18.5 cm &#8211; \u00d8 du mandrin 5 cm &#8211; avec adaptateur \u00d8 2.5 cm<\/p>\n","protected":false},"excerpt":{"rendered":"<p>Papier d&#8217;emballage, brun, rouleau<\/p>\n","protected":false},"featured_media":34865,"comment_status":"closed","ping_status":"closed","template":"","meta":{"_searchwp_excluded":""},"product_brand":[],"product_cat":[780],"product_tag":[],"farbe":[],"qualitaet":[260],"artikelart":[910],"produktstatus":[],"wellig":[],"class_list":{"0":"post-39734","1":"product","2":"type-product","3":"status-publish","4":"has-post-thumbnail","6":"product_cat-materiel-de-remplissage-et-de-rembourrage","7":"qualitaet-80-g-m2","8":"artikelart-papier-demballage","10":"first","11":"instock","12":"taxable","13":"shipping-taxable","14":"purchasable","15":"product-type-simple"},"tiered_pricing_type":"fixed","tiered_pricing_fixed_rules":{"2":"218.24","3":"214.31","4":"207.78","5":"203.86"},"tiered_pricing_product_settings":{"layout":"default","base_unit_name":{"singular":null,"plural":null},"default_variation":null},"tiered_pricing_minimum_quantity":null,"tiered_pricing_roles_data":{"galenica-group":{"product_id":39734,"role":"galenica-group","pricing_type":"flat","regular_price":173.28,"sale_price":null,"discount":null,"discount_type":"sale_price","tiered_pricing_type":"fixed","percentage_rules":[],"fixed_rules":[],"minimum":null}},"tiered_pricing_percentage_rules":[],"tiered_pricing_maximum_quantity":null,"tiered_pricing_quantity_step":null,"_links":{"self":[{"href":"https:\/\/brieger.ch\/fr\/wp-json\/wp\/v2\/product\/39734","targetHints":{"allow":["GET"]}}],"collection":[{"href":"https:\/\/brieger.ch\/fr\/wp-json\/wp\/v2\/product"}],"about":[{"href":"https:\/\/brieger.ch\/fr\/wp-json\/wp\/v2\/types\/product"}],"replies":[{"embeddable":true,"href":"https:\/\/brieger.ch\/fr\/wp-json\/wp\/v2\/comments?post=39734"}],"wp:featuredmedia":[{"embeddable":true,"href":"https:\/\/brieger.ch\/fr\/wp-json\/wp\/v2\/media\/34865"}],"wp:attachment":[{"href":"https:\/\/brieger.ch\/fr\/wp-json\/wp\/v2\/media?parent=39734"}],"wp:term":[{"taxonomy":"product_brand","embeddable":true,"href":"https:\/\/brieger.ch\/fr\/wp-json\/wp\/v2\/product_brand?post=39734"},{"taxonomy":"product_cat","embeddable":true,"href":"https:\/\/brieger.ch\/fr\/wp-json\/wp\/v2\/product_cat?post=39734"},{"taxonomy":"product_tag","embeddable":true,"href":"https:\/\/brieger.ch\/fr\/wp-json\/wp\/v2\/product_tag?post=39734"},{"taxonomy":"farbe","embeddable":true,"href":"https:\/\/brieger.ch\/fr\/wp-json\/wp\/v2\/farbe?post=39734"},{"taxonomy":"qualitaet","embeddable":true,"href":"https:\/\/brieger.ch\/fr\/wp-json\/wp\/v2\/qualitaet?post=39734"},{"taxonomy":"artikelart","embeddable":true,"href":"https:\/\/brieger.ch\/fr\/wp-json\/wp\/v2\/artikelart?post=39734"},{"taxonomy":"produktstatus","embeddable":true,"href":"https:\/\/brieger.ch\/fr\/wp-json\/wp\/v2\/produktstatus?post=39734"},{"taxonomy":"wellig","embeddable":true,"href":"https:\/\/brieger.ch\/fr\/wp-json\/wp\/v2\/wellig?post=39734"}],"curies":[{"name":"wp","href":"https:\/\/api.w.org\/{rel}","templated":true}]}}

<p>Papier d&#8217;emballage, brun, rouleau, largeur 100 cm x longueur 300 m &#8211; papier Kraft brun &#8211; Ø du rouleau 18.5 cm &#8211; Ø du mandrin 5 cm &#8211; avec adaptateur Ø 2.5 cm</p>
