{"id":39440,"date":"2020-07-31T13:16:48","date_gmt":"2020-07-31T13:10:37","guid":{"rendered":"https:\/\/brieger.hundert1.ch\/produkt\/32381\/"},"modified":"2025-06-16T16:28:32","modified_gmt":"2025-06-16T14:28:32","slug":"32381","status":"publish","type":"product","link":"https:\/\/brieger.ch\/fr\/product\/32381\/","title":{"rendered":"Emballages portatifs pour bi\u00e8re noir"},"content":{"rendered":"<p>Emballages portatifs \u00e0 3.3 dl noir, avec poign\u00e9es, pour 4 bouteilles,<\/p>\n","protected":false},"excerpt":{"rendered":"<p>Emballages portatifs avec poign\u00e9es<\/p>\n","protected":false},"featured_media":34615,"comment_status":"closed","ping_status":"closed","template":"","meta":{"_searchwp_excluded":""},"product_brand":[],"product_cat":[992,770,1075],"product_tag":[],"farbe":[822],"qualitaet":[142],"artikelart":[965],"produktstatus":[],"wellig":[],"class_list":{"0":"post-39440","1":"product","2":"type-product","3":"status-publish","4":"has-post-thumbnail","6":"product_cat-emballages-portatifs-pour-bouteilles","7":"product_cat-emballages-pour-bieres","8":"product_cat-ligne-noire-fr","9":"farbe-noir","10":"qualitaet-1-5-mm","11":"artikelart-emballages-portatifs-avec-poignees-fr","13":"first","14":"instock","15":"taxable","16":"shipping-taxable","17":"purchasable","18":"product-type-simple"},"tiered_pricing_type":"fixed","tiered_pricing_fixed_rules":{"50":"3.33","100":"2.87","500":"2.59","1000":"2.39"},"tiered_pricing_product_settings":{"layout":"default","base_unit_name":{"singular":null,"plural":null},"default_variation":null},"tiered_pricing_minimum_quantity":25,"tiered_pricing_roles_data":{"galenica-group":{"product_id":39440,"role":"galenica-group","pricing_type":"flat","regular_price":1.97,"sale_price":null,"discount":null,"discount_type":"sale_price","tiered_pricing_type":"fixed","percentage_rules":[],"fixed_rules":[],"minimum":25}},"tiered_pricing_percentage_rules":[],"tiered_pricing_maximum_quantity":null,"tiered_pricing_quantity_step":null,"_links":{"self":[{"href":"https:\/\/brieger.ch\/fr\/wp-json\/wp\/v2\/product\/39440","targetHints":{"allow":["GET"]}}],"collection":[{"href":"https:\/\/brieger.ch\/fr\/wp-json\/wp\/v2\/product"}],"about":[{"href":"https:\/\/brieger.ch\/fr\/wp-json\/wp\/v2\/types\/product"}],"replies":[{"embeddable":true,"href":"https:\/\/brieger.ch\/fr\/wp-json\/wp\/v2\/comments?post=39440"}],"wp:featuredmedia":[{"embeddable":true,"href":"https:\/\/brieger.ch\/fr\/wp-json\/wp\/v2\/media\/34615"}],"wp:attachment":[{"href":"https:\/\/brieger.ch\/fr\/wp-json\/wp\/v2\/media?parent=39440"}],"wp:term":[{"taxonomy":"product_brand","embeddable":true,"href":"https:\/\/brieger.ch\/fr\/wp-json\/wp\/v2\/product_brand?post=39440"},{"taxonomy":"product_cat","embeddable":true,"href":"https:\/\/brieger.ch\/fr\/wp-json\/wp\/v2\/product_cat?post=39440"},{"taxonomy":"product_tag","embeddable":true,"href":"https:\/\/brieger.ch\/fr\/wp-json\/wp\/v2\/product_tag?post=39440"},{"taxonomy":"farbe","embeddable":true,"href":"https:\/\/brieger.ch\/fr\/wp-json\/wp\/v2\/farbe?post=39440"},{"taxonomy":"qualitaet","embeddable":true,"href":"https:\/\/brieger.ch\/fr\/wp-json\/wp\/v2\/qualitaet?post=39440"},{"taxonomy":"artikelart","embeddable":true,"href":"https:\/\/brieger.ch\/fr\/wp-json\/wp\/v2\/artikelart?post=39440"},{"taxonomy":"produktstatus","embeddable":true,"href":"https:\/\/brieger.ch\/fr\/wp-json\/wp\/v2\/produktstatus?post=39440"},{"taxonomy":"wellig","embeddable":true,"href":"https:\/\/brieger.ch\/fr\/wp-json\/wp\/v2\/wellig?post=39440"}],"curies":[{"name":"wp","href":"https:\/\/api.w.org\/{rel}","templated":true}]}}

Emballages portatifs pour bière noir

<p>Emballages portatifs à 3.3 dl noir, avec poignées, pour 4 bouteilles,</p>

<p>Emballages portatifs avec poignées</p>
