{"id":107090,"date":"2026-01-09T15:23:10","date_gmt":"2026-01-09T14:23:12","guid":{"rendered":"https:\/\/brieger.ch\/?post_type=product&#038;p=107090"},"modified":"2026-04-16T16:12:01","modified_gmt":"2026-04-16T14:12:01","slug":"recycold-climaliner-1000","status":"publish","type":"product","link":"https:\/\/brieger.ch\/fr\/product\/recycold-climaliner-1000\/","title":{"rendered":"RecyCold climaliner"},"content":{"rendered":"<p>Emballage Thermique,\u00a0 RecyCold climaliner, 2 couches, 1000x 350 mm,\u00a0 bo\u00eetes de 100 pi\u00e8ces, brun, Kraft, Palette \u00e0 400 pi\u00e8ces, FSC Mix Credit, 1 pi\u00e8ces = 1 bo\u00eetes de 100 pi\u00e8ces<\/p>\n","protected":false},"excerpt":{"rendered":"<p>Emballage Thermique,\u00a0 RecyCold climaliner, 2 couches, 1000x 350 mm,\u00a0 bo\u00eetes de 100 pi\u00e8ces, brun, Kraft, Palette \u00e0 400 pi\u00e8ces, FSC Mix Credit, 1 pi\u00e8ces = 1 bo\u00eetes de 100 pi\u00e8ces<\/p>\n","protected":false},"featured_media":106972,"comment_status":"closed","ping_status":"closed","template":"","meta":{"_searchwp_excluded":""},"product_brand":[],"product_cat":[1255],"product_tag":[],"farbe":[813],"qualitaet":[],"artikelart":[837],"produktstatus":[415],"wellig":[],"class_list":{"0":"post-107090","1":"product","2":"type-product","3":"status-publish","4":"has-post-thumbnail","6":"product_cat-gastro-fr","7":"farbe-brun","8":"artikelart-gastro-emballage-isotherme","9":"produktstatus-neu","11":"first","12":"instock","13":"taxable","14":"shipping-taxable","15":"purchasable","16":"product-type-simple"},"tiered_pricing_type":"fixed","tiered_pricing_fixed_rules":{"200":"2.03","500":"1.77","1000":"1.62"},"tiered_pricing_product_settings":{"layout":"default","base_unit_name":{"singular":null,"plural":null},"default_variation":null},"tiered_pricing_minimum_quantity":100,"tiered_pricing_roles_data":{"galenica-group":{"product_id":107090,"role":"galenica-group","pricing_type":"flat","regular_price":1.49,"sale_price":null,"discount":null,"discount_type":"sale_price","tiered_pricing_type":"fixed","percentage_rules":[],"fixed_rules":[],"minimum":25}},"tiered_pricing_percentage_rules":[],"tiered_pricing_maximum_quantity":null,"tiered_pricing_quantity_step":null,"_links":{"self":[{"href":"https:\/\/brieger.ch\/fr\/wp-json\/wp\/v2\/product\/107090","targetHints":{"allow":["GET"]}}],"collection":[{"href":"https:\/\/brieger.ch\/fr\/wp-json\/wp\/v2\/product"}],"about":[{"href":"https:\/\/brieger.ch\/fr\/wp-json\/wp\/v2\/types\/product"}],"replies":[{"embeddable":true,"href":"https:\/\/brieger.ch\/fr\/wp-json\/wp\/v2\/comments?post=107090"}],"wp:featuredmedia":[{"embeddable":true,"href":"https:\/\/brieger.ch\/fr\/wp-json\/wp\/v2\/media\/106972"}],"wp:attachment":[{"href":"https:\/\/brieger.ch\/fr\/wp-json\/wp\/v2\/media?parent=107090"}],"wp:term":[{"taxonomy":"product_brand","embeddable":true,"href":"https:\/\/brieger.ch\/fr\/wp-json\/wp\/v2\/product_brand?post=107090"},{"taxonomy":"product_cat","embeddable":true,"href":"https:\/\/brieger.ch\/fr\/wp-json\/wp\/v2\/product_cat?post=107090"},{"taxonomy":"product_tag","embeddable":true,"href":"https:\/\/brieger.ch\/fr\/wp-json\/wp\/v2\/product_tag?post=107090"},{"taxonomy":"farbe","embeddable":true,"href":"https:\/\/brieger.ch\/fr\/wp-json\/wp\/v2\/farbe?post=107090"},{"taxonomy":"qualitaet","embeddable":true,"href":"https:\/\/brieger.ch\/fr\/wp-json\/wp\/v2\/qualitaet?post=107090"},{"taxonomy":"artikelart","embeddable":true,"href":"https:\/\/brieger.ch\/fr\/wp-json\/wp\/v2\/artikelart?post=107090"},{"taxonomy":"produktstatus","embeddable":true,"href":"https:\/\/brieger.ch\/fr\/wp-json\/wp\/v2\/produktstatus?post=107090"},{"taxonomy":"wellig","embeddable":true,"href":"https:\/\/brieger.ch\/fr\/wp-json\/wp\/v2\/wellig?post=107090"}],"curies":[{"name":"wp","href":"https:\/\/api.w.org\/{rel}","templated":true}]}}

<p>Emballage Thermique,  RecyCold climaliner, 2 couches, 1000x 350 mm,  boîtes de 100 pièces, brun, Kraft, Palette à 400 pièces, FSC Mix Credit, 1 pièces = 1 boîtes de 100 pièces</p>
